{"id":221,"date":"2023-03-20T21:11:54","date_gmt":"2023-03-20T20:11:54","guid":{"rendered":"https:\/\/ewr.life\/?page_id=221"},"modified":"2023-03-21T07:18:34","modified_gmt":"2023-03-21T06:18:34","slug":"boka","status":"publish","type":"page","link":"https:\/\/ewr.nu\/?page_id=221","title":{"rendered":"Boka"},"content":{"rendered":"\n<h2 class=\"wp-block-heading\"><mark style=\"background-color:#8ed1fc\" class=\"has-inline-color has-black-color\"><a href=\"mailto:helena.bengtsson@gmail.com\">BOKA BANAN<\/a><\/mark><\/h2>\n\n\n\n<p>*VID BOKNING; kontakt via rubriken ovan.\u00a0Bokning \u00e4r genomf\u00f6rd n\u00e4r man f\u00e5tt bekr\u00e4ftelse och bokningen \u00e4r uppskriven i kalendern p\u00e5 hemsidan! Gl\u00f6m ej att betala in till EWR.<\/p>\n\n\n\n<p><strong>Regler g\u00e4llande bokning av EWR RC<\/strong>:<\/p>\n\n\n\n<p>Vid tr\u00e4ning f\u00f6r tr\u00e4nare som anordnas f\u00f6r klubbens medlemmar beh\u00f6ver bokningsavgift f\u00f6r banan ej erl\u00e4ggas. Dessa tillf\u00e4llen skall utannonseras p\u00e5 hemsidan och fb-sidan.&nbsp;<\/p>\n\n\n\n<p>Om en icke medlem deltar p\u00e5 dessa tr\u00e4ningstillf\u00e4llen skall en banavgift om 100:- per dag betalas till EWR.&nbsp;<\/p>\n\n\n\n<p>Banan kan bara bokas av medlemmar.&nbsp;<\/p>\n\n\n\n<p>Bokningsavgiften f\u00f6r b\u00e5da banorna \u00e4r 50:- per timma.&nbsp;<\/p>\n\n\n\n<p>Fyra timmar kostar 150:- och \u00e5tta timmar kostar 300:-&nbsp;<\/p>\n\n\n\n<p>Om bara stora banan skall bokas g\u00e4ller f\u00f6ljande priser: 50:- per timma. Fyra timmar 100:- och \u00e5tta timmar 200:-&nbsp;<\/p>\n\n\n\n<p>Om en icke medlem deltar vid dessa evenemang skall denna betala banavgift p\u00e5 100:- per dag ut\u00f6ver den fastlagda bokningsavgiften.<\/p>\n\n\n\n<p>Den som hyr\/bokar banan redovisar deltagarlista och ansvarar f\u00f6r att anll\u00e4ggningsavgift betalas f\u00f6r &#8221;icke-medlemmar&#8221;. Bokningen ska ocks\u00e5 skickas till styrelsens mail (<a href=\"mailto:styrelsen@ewr.nu\" data-type=\"URL\">styrelsen@ewr.nu<\/a>).<\/p>\n\n\n\n<p><\/p>\n","protected":false},"excerpt":{"rendered":"<p>BOKA BANAN *VID BOKNING; kontakt via rubriken ovan.\u00a0Bokning \u00e4r genomf\u00f6rd n\u00e4r man f\u00e5tt bekr\u00e4ftelse och bokningen \u00e4r uppskriven i kalendern p\u00e5 hemsidan! Gl\u00f6m ej att betala in till EWR. Regler g\u00e4llande bokning av EWR RC: Vid tr\u00e4ning f\u00f6r tr\u00e4nare som <span class=\"excerpt-dots\">&hellip;<\/span> <a class=\"more-link\" href=\"https:\/\/ewr.nu\/?page_id=221\"><span class=\"more-msg\">L\u00e4s mer &rarr;<\/span><\/a><\/p>\n","protected":false},"author":1,"featured_media":0,"parent":0,"menu_order":0,"comment_status":"closed","ping_status":"closed","template":"","meta":[],"_links":{"self":[{"href":"https:\/\/ewr.nu\/index.php?rest_route=\/wp\/v2\/pages\/221"}],"collection":[{"href":"https:\/\/ewr.nu\/index.php?rest_route=\/wp\/v2\/pages"}],"about":[{"href":"https:\/\/ewr.nu\/index.php?rest_route=\/wp\/v2\/types\/page"}],"author":[{"embeddable":true,"href":"https:\/\/ewr.nu\/index.php?rest_route=\/wp\/v2\/users\/1"}],"replies":[{"embeddable":true,"href":"https:\/\/ewr.nu\/index.php?rest_route=%2Fwp%2Fv2%2Fcomments&post=221"}],"version-history":[{"count":9,"href":"https:\/\/ewr.nu\/index.php?rest_route=\/wp\/v2\/pages\/221\/revisions"}],"predecessor-version":[{"id":236,"href":"https:\/\/ewr.nu\/index.php?rest_route=\/wp\/v2\/pages\/221\/revisions\/236"}],"wp:attachment":[{"href":"https:\/\/ewr.nu\/index.php?rest_route=%2Fwp%2Fv2%2Fmedia&parent=221"}],"curies":[{"name":"wp","href":"https:\/\/api.w.org\/{rel}","templated":true}]}}